{"id":144,"date":"2018-05-25T09:57:23","date_gmt":"2018-05-25T09:57:23","guid":{"rendered":"http:\/\/sk-ce.com\/?page_id=144"},"modified":"2021-07-06T15:53:39","modified_gmt":"2021-07-06T15:53:39","slug":"impressum-und-datenschutzerklaerung","status":"publish","type":"page","link":"https:\/\/sk-ce.com\/?page_id=144","title":{"rendered":"Impressum und Datenschutzerkl\u00e4rung"},"content":{"rendered":"<p>Dipl.-Ing. Jens Keidel<br \/>\nSK-civil engineers<br \/>\nWei\u00dfkirchener Weg 71<br \/>\n60439 Frankfurt am Main<br \/>\nTel. +49(0)69 \/ 2001 8332<br \/>\nE-mail: mail@SK-ce.com<br \/>\nUSt.-IdNr.:\u00a0 DE 331 929 867<\/p>\n<hr \/>\n<p>Der Betreiber dieser Seiten behandelt personenbezogene Daten vertraulich und entsprechend der gesetzlichen Datenvorschriften sowie dieser Datenschutzerkl\u00e4rung.<\/p>\n<p>Die Nutzung meiner Webseite ist in der Regel ohne Angabe personenbezogener Daten m\u00f6glich. Soweit auf meinen Seiten personenbezogene Daten (beispielsweise Name, Anschrift oder E-Mail-Adressen) erhoben werden, erfolgt dies, soweit m\u00f6glich, stets auf freiwilliger Basis. Diese Daten werden ohne Ihre ausdr\u00fcckliche Zustimmung nicht an Dritte weitergegeben.<\/p>\n<p>Ich weise darauf hin, dass die Daten\u00fcbertragung im Internet (z.B. bei der Kommunikation per E-Mail) Sicherheitsl\u00fccken aufweisen kann. Ein l\u00fcckenloser Schutz der Daten vor dem Zugriff durch Dritte ist nicht m\u00f6glich.<\/p>\n<h2>Cookies<\/h2>\n<p>Die Internetseiten verwenden teilweise so genannte Cookies. Cookies richten auf Ihrem Rechner keinen Schaden an und enthalten keine Viren. Cookies dienen dazu, unser Angebot nutzerfreundlicher, effektiver und sicherer zu machen. Cookies sind kleine Textdateien, die auf Ihrem Rechner abgelegt werden und die Ihr Browser speichert.<\/p>\n<p>Die meisten der von mir verwendeten Cookies sind so genannte \u201eSession-Cookies\u201c. Sie werden nach Ende Ihres Besuchs automatisch gel\u00f6scht. Andere Cookies bleiben auf Ihrem Endger\u00e4t gespeichert, bis Sie diese l\u00f6schen. Diese Cookies erm\u00f6glichen es mir, Ihren Browser beim n\u00e4chsten Besuch wiederzuerkennen.<\/p>\n<p>Sie k\u00f6nnen Ihren Browser so einstellen, dass Sie \u00fcber das Setzen von Cookies informiert werden und Cookies nur im Einzelfall erlauben, die Annahme von Cookies f\u00fcr bestimmte F\u00e4lle oder generell ausschlie\u00dfen sowie das automatische L\u00f6schen der Cookies beim Schlie\u00dfen des Browser aktivieren. Bei der Deaktivierung von Cookies kann die Funktionalit\u00e4t dieser Website eingeschr\u00e4nkt sein.<\/p>\n<p>&nbsp;<\/p>\n<p>&nbsp;<\/p>\n","protected":false},"excerpt":{"rendered":"<p>Dipl.-Ing. Jens Keidel SK-civil engineers Wei\u00dfkirchener Weg 71 60439 Frankfurt am Main Tel. +49(0)69 \/ 2001 8332 E-mail: mail@SK-ce.com USt.-IdNr.:\u00a0 DE 331 929 867 Der Betreiber dieser Seiten behandelt personenbezogene Daten vertraulich und entsprechend der gesetzlichen Datenvorschriften sowie dieser Datenschutzerkl\u00e4rung. Die Nutzung meiner Webseite ist in der Regel ohne Angabe personenbezogener Daten m\u00f6glich. Soweit auf &hellip; <\/p>\n<p class=\"link-more\"><a href=\"https:\/\/sk-ce.com\/?page_id=144\" class=\"more-link\"><span class=\"screen-reader-text\">&#8222;Impressum und Datenschutzerkl\u00e4rung&#8220;<\/span> weiterlesen<\/a><\/p>\n","protected":false},"author":1,"featured_media":0,"parent":0,"menu_order":0,"comment_status":"closed","ping_status":"closed","template":"","meta":{"footnotes":""},"class_list":["post-144","page","type-page","status-publish","hentry"],"_links":{"self":[{"href":"https:\/\/sk-ce.com\/index.php?rest_route=\/wp\/v2\/pages\/144","targetHints":{"allow":["GET"]}}],"collection":[{"href":"https:\/\/sk-ce.com\/index.php?rest_route=\/wp\/v2\/pages"}],"about":[{"href":"https:\/\/sk-ce.com\/index.php?rest_route=\/wp\/v2\/types\/page"}],"author":[{"embeddable":true,"href":"https:\/\/sk-ce.com\/index.php?rest_route=\/wp\/v2\/users\/1"}],"replies":[{"embeddable":true,"href":"https:\/\/sk-ce.com\/index.php?rest_route=%2Fwp%2Fv2%2Fcomments&post=144"}],"version-history":[{"count":7,"href":"https:\/\/sk-ce.com\/index.php?rest_route=\/wp\/v2\/pages\/144\/revisions"}],"predecessor-version":[{"id":157,"href":"https:\/\/sk-ce.com\/index.php?rest_route=\/wp\/v2\/pages\/144\/revisions\/157"}],"wp:attachment":[{"href":"https:\/\/sk-ce.com\/index.php?rest_route=%2Fwp%2Fv2%2Fmedia&parent=144"}],"curies":[{"name":"wp","href":"https:\/\/api.w.org\/{rel}","templated":true}]}}